on divisor of o and 22?
22
Let d = 49 + -23. Calculate the highest common factor of 156 and d.
26
Let y be (-10)/35 + (-228)/(-14). What is the greatest common factor of y and 64?
16
Let v(c) = 2*c - 1. Let n be v(5). Let z be 61 - (-3)/(n/(-3)). Calculate the greatest common factor of z and 20.
20
Let f be 6*(-2*8)/(-4). Let w = f + -23. Calculate the greatest common divisor of w and 1.
1
Suppose 0 = 4*p - 4 - 0. Suppose 11 = 2*v - p. What is the highest common divisor of v and 3?
3
Let r be -4*(36/16 - 3). Suppose y - 3*k = 24, -r*y + k = -2*k - 48. Let f = 208 + -124. What is the greatest common factor of f and y?
12
Let a be (-1 - 2) + 1 + 4. Suppose -a*s + 234 = -8. What is the highest common factor of s and 11?
11
Suppose 0 = 4*s - 58 + 10. What is the greatest common divisor of s and 96?
12
Let o be -3 - (3 + -3 + -7). Suppose o = v - 24. What is the greatest common factor of 14 and v?
14
Suppose l + 222 = 5*o, 2*l = -5*o + 184 + 47. What is the highest common factor of o and 135?
45
Let h = 263 + -95. Suppose -4*o + 3*o + 43 = 0. Suppose 0 = 2*y + y - 4*f - o, 5*f = 25. What is the highest common divisor of y and h?
21
Let q(z) = -z**3 - 3*z**2 - 3. Let v be q(-3). Let t(m) = -22*m - 1. Let b be t(v). Calculate the highest common factor of b and 26.
13
Let q(n) = n**3 - 3*n**2 - 5*n + 10. Let f be q(4). Let g be (f/(-3) - -2) + 34. What is the greatest common factor of 17 and g?
17
Suppose g + 31 = 6*g - 2*x, 2*g = -5*x - 5. Suppose 105 = 3*i + 2*i + g*a, 3*i + a - 59 = 0. Suppose i = 4*j - 45. What is the highest common factor of 8 and j?
8
Let q = -12 - -15. Calculate the greatest common factor of q and 21.
3
Let c be 2/(-12) + 1621/6. Calculate the greatest common factor of 30 and c.
30
Let n = -162 + 372. Calculate the highest common factor of n and 21.
21
Suppose -v - 17 = 2*k - 115, v + k - 101 = 0. Calculate the highest common divisor of 13 and v.
13
Let x be ((-4)/10)/((-2)/60). What is the greatest common divisor of 12 and x?
12
Let z be 55 + 2 + 0 + 0. Suppose -21 = 2*q + v, 5*v + z = -5*q + 2. Let x be (q + 1)/((-2)/30). Calculate the highest common factor of 15 and x.
15
Let n be (2/2 - -1)/(8/32). Let x be (-8)/(-6)*2*21. What is the greatest common divisor of n and x?
8
Suppose 10 = -3*p + 1. Let s = p + 5. Suppose u + 3*c = -u + 271, -s*u = -2*c - 286. What is the greatest common divisor of 20 and u?
20
Suppose -3*m + 0 + 33 = 0. Let u be 4/(-10) - 119/(-35). Let s(t) = 19*t - 2. Let z be s(u). Calculate the greatest common factor of z and m.
11
Let t = -4 + 24. Suppose 3*z + 16 = 4*b - 16, 5*z = 3*b - 35. What is the highest common divisor of b and t?
5
Let s(m) = m**2 + m + 3. Let g be s(-3). Let b = 106 - 34. What is the greatest common divisor of b and g?
9
Let a = 40 - 22. Suppose -60 = -4*x + 12. Suppose 4*g - g = x. Calculate the highest common divisor of a and g.
6
Suppose 2*t = -2*y + 28, 3*y - 13 = t + 21. What is the greatest common divisor of 60 and y?
12
Let f(l) = 5*l**2 - 21*l + 7. Let x be f(5). Calculate the greatest common divisor of x and 27.
27
Let o = 130 - 60. Calculate the highest common divisor of o and 35.
35
Suppose -4*c + 96 = 5*q, 0 = 3*c + 2*q - 27 - 45. What is the highest common divisor of 60 and c?
12
Suppose 0*y = -2*u - 4*y + 6, -4*u = 2*y - 24. Let q(p) = p**3 + 6*p**2 + 3*p + 4. Let f be q(-5). Calculate the greatest common factor of u and f.
7
Let w(t) = -19*t - 9. Let x be w(-3). Calculate the greatest common factor of x and 12.
12
Let x = 3 - -1. Let a(v) be the first derivative of 2*v**3/3 - 11*v**2/2 + 4*v + 3. Let d be a(8). What is the greatest common factor of x and d?
4
Let c(k) = 11*k + 17. Let a be c(5). What is the highest common factor of a and 108?
36
Let x = 26 - 15. Let g(i) = -100*i - 1. Let y be g(-1). Calculate the highest common divisor of y and x.
11
Let k(r) = 21*r**2 + 2*r - 3. Let j be k(2). Suppose 0*o + 5*o = j. Let s be 70 - (4 + -1 + -1). Calculate the greatest common factor of o and s.
17
Let a = 11 + -9. Calculate the greatest common divisor of 4 and a.
2
Let a(q) = q**3 - 9*q**2 - 9*q + 2. Let w = 19 + -9. Let h be a(w). Suppose -16 = -y - 3*y. Calculate the highest common divisor of h and y.
4
Suppose 0 = -2*c - l + 9, 0 = -2*c + 2*l + l + 29. Let j(k) = 5 - 6*k + k**2 + 3*k - 16. Let i be j(-8). Calculate the greatest common factor of c and i.
7
Suppose 21*z - 1079 = 748. Calculate the greatest common factor of 58 and z.
29
Let r = -1 + 6. Suppose -r*a + 0*u = -3*u - 39, -5*u + 19 = a. Let k(l) = l**2 + 6*l + 3. Let w be k(-6). Calculate the greatest common factor of w and a.
3
Suppose 23 = 3*t + 8*v - 4*v, 0 = -2*v - 2. What is the highest common factor of t and 27?
9
Let z be (-11104)/(-56) - (-4)/(-14). What is the highest common factor of 9 and z?
9
Let f = 59 - 39. Suppose 0 = s - j - f, -s - 1 = -2*j - 20. What is the highest common divisor of 63 and s?
21
Suppose 4*g = 6*g. Suppose 0 = -p + 7 - g. Calculate the highest common divisor of 77 and p.
7
Suppose 0 = 4*v - 16 + 4. Let u be v*(0 + 1 - 2). Let d = 10 + u. What is the greatest common factor of 14 and d?
7
Let r(b) = -3*b**3 - 4*b**2 - 3*b. Let t(p) = -p**3 - p**2 + p + 1. Let i(h) = r(h) - 2*t(h). Let a be i(-3). What is the highest common factor of 55 and a?
11
Let f be 5/(-5)*-1*5. Calculate the highest common divisor of f and 5.
5
Let j = -28 + 39. Suppose -f + j = 2. Calculate the highest common factor of f and 9.
9
Let c be (-5 + 2 - 1) + 26. What is the highest common divisor of c and 198?
22
Let b be 9/12*(231 - 3). Calculate the greatest common divisor of 19 and b.
19
Let l(j) = j**3 - j**2 - j + 6. Let y be l(0). Suppose 2*g - 22 = -y. Calculate the greatest common divisor of g and 4.
4
Let i be 4*3*(-9)/12. Let x be 2/i - (-106)/(-9). Let a be x/3*1/(-4). What is the highest common divisor of a and 5?
1
Let w = -1 - -5. Suppose -2*u = -5*f + 18, -u + 4 = 3. Suppose 2*q = q + f. Calculate the greatest common factor of q and w.
4
Let i(q) = -q**3 - 11*q**2 + 9*q - 16. Let f be i(-12). What is the greatest common factor of f and 160?
20
Let l = 34 + -16. What is the greatest common divisor of 72 and l?
18
Let j = 64 - -84. Calculate the greatest common divisor of j and 37.
37
Suppose -4*a + 4 = 4*w, 2*w + 0 = -3*a + 3. Suppose -f = 2*k - 26 + a, -3*k = -3*f + 30. What is the highest common divisor of f and 105?
15
Suppose 2*z + z - 9 = 0. Suppose -2*h - 19 = -z*u, 5*u + h - 18 = u. Let j be 18*(u/2 - 2). Calculate the highest common factor of 3 and j.
3
Suppose -5*y + 27*y - 154 = 0. What is the greatest common divisor of 28 and y?
7
Let h be (-2)/(((-32)/(-92))/(-4)). Calculate the highest common divisor of 92 and h.
23
Let c be ((-21)/4)/(2/(-8)). Calculate the highest common divisor of 63 and c.
21
Let m = -95 + 137. Calculate the greatest common divisor of m and 98.
14
Let n = 33 + -19. Let h = 107 + 5. Calculate the highest common factor of h and n.
14
Suppose -39 = -5*h + 51. Calculate the highest common divisor of 18 and h.
18
Suppose -4*o = -5*c - 468, 9*o = 4*o + 4*c + 585. Let f be 1/(1 + (-11)/12). Let h be 2/6 - (-152)/f. Calculate the greatest common divisor of o and h.
13
Let x = -91 + 206. Let z = 1 - -1. Suppose 62 = 4*f - z*n, 2*n = -5*f - 3*n + x. Calculate the greatest common factor of f and 6.
6
Let q(n) = -n**3 - 7*n**2 - n + 4. Let l be q(-7). Suppose -1 + 0 = -m - 3*p, -2*m = 3*p - 2. Calculate the highest common factor of l and m.
1
Let r be 1*13*(1/(-1))/(-1). Calculate the greatest common divisor of 117 and r.
13
Suppose t = c - 3, -c + 5*t = -3*c - 1. Let z be ((-19)/c)/((-1)/2). Let r = -12 + z. Calculate the highest common factor of 7 and r.
7
Let t(u) = -u - 3. Let l be t(-7). Let z = 36 - 26. Calculate the highest common factor of z and l.
2
Let s(m) = -7*m - 5. Let f be s(-2). Let p = 12 + 6. What is the highest common factor of p and f?
9
Let x(l) = l**3 - 5*l**2 + 5*l + 3. Let k be x(5). Suppose -3*s + k = -s. What is the greatest common divisor of s and 70?
14
Suppose 0*o = -o + 5. What is the greatest common factor of 35 and o?
5
Let s(m) = m**3 - 7*m**2 + 1. Let u be s(7). Let x(c) = 168*c. Let n be x(u). What is the highest common divisor of n and 24?
24
Let s = 4 - 1. Let j(f) = 3*f + 3. Let p be j(s). What is the highest common factor of 